{"id":1416,"date":"2023-11-09T19:43:23","date_gmt":"2023-11-09T19:43:23","guid":{"rendered":"https:\/\/trace.ces.uc.pt\/sobre\/enquadramento-teorico\/"},"modified":"2024-01-02T23:27:56","modified_gmt":"2024-01-02T23:27:56","slug":"enquadramento-teorico","status":"publish","type":"page","link":"https:\/\/trace.ces.uc.pt\/pt-pt\/sobre\/enquadramento-teorico\/","title":{"rendered":"Enquadramento te\u00f3rico"},"content":{"rendered":"\t\t<div data-elementor-type=\"wp-page\" data-elementor-id=\"1416\" class=\"elementor elementor-1416 elementor-78\" data-elementor-post-type=\"page\">\n\t\t\t\t<div class=\"elementor-element elementor-element-788bdab e-flex e-con-boxed e-con e-parent\" data-id=\"788bdab\" data-element_type=\"container\" data-settings=\"{&quot;background_background&quot;:&quot;classic&quot;}\">\n\t\t\t\t\t<div class=\"e-con-inner\">\n\t\t<div class=\"elementor-element elementor-element-70d645c e-con-full e-flex e-con e-child\" data-id=\"70d645c\" data-element_type=\"container\">\n\t\t\t\t<div class=\"elementor-element elementor-element-f41e59f elementor-widget elementor-widget-heading\" data-id=\"f41e59f\" data-element_type=\"widget\" data-widget_type=\"heading.default\">\n\t\t\t\t<div class=\"elementor-widget-container\">\n\t\t\t\t\t<h2 class=\"elementor-heading-title elementor-size-default\">Sobre \/ <\/h2>\t\t\t\t<\/div>\n\t\t\t\t<\/div>\n\t\t\t\t<div class=\"elementor-element elementor-element-2c41995 elementor-widget elementor-widget-heading\" data-id=\"2c41995\" data-element_type=\"widget\" data-widget_type=\"heading.default\">\n\t\t\t\t<div class=\"elementor-widget-container\">\n\t\t\t\t\t<h1 class=\"elementor-heading-title elementor-size-default\">Enquadramento te\u00f3rico <\/h1>\t\t\t\t<\/div>\n\t\t\t\t<\/div>\n\t\t\t\t<\/div>\n\t\t<div class=\"elementor-element elementor-element-67caf97 e-con-full e-flex e-con e-child\" data-id=\"67caf97\" data-element_type=\"container\">\n\t\t<div class=\"elementor-element elementor-element-0c67348 e-con-full e-flex e-con e-child\" data-id=\"0c67348\" data-element_type=\"container\">\n\t\t\t\t<div class=\"elementor-element elementor-element-d4cdf37 elementor-widget elementor-widget-text-editor\" data-id=\"d4cdf37\" data-element_type=\"widget\" data-widget_type=\"text-editor.default\">\n\t\t\t\t<div class=\"elementor-widget-container\">\n\t\t\t\t\t\t\t\t\t<p><strong>Nos \u00faltimos anos, o envelhecimento tem sido considerado uma \u00e1rea priorit\u00e1ria tanto ao n\u00edvel das pol\u00edticas governamentais como nas agendas de investiga\u00e7\u00e3o.<\/strong> Situando-se na intersec\u00e7\u00e3o entre os Estudos de G\u00e9nero e LGBTQI+ e os Estudos sobre a Idade, Envelhecimento e o Curso de Vida, e reunindo mem\u00f3rias distantes e a atual gest\u00e3o quotidiana da vida \u00edntima, o TRACE explora sociologicamente os impactos na vida adulta de crescer numa \u00e9poca em que o reconhecimento legal n\u00e3o estava dispon\u00edvel para as pessoas LGBTI+.<\/p>\n<p>As pessoas adultas LGBTQI+ mais velhas s\u00e3o portadoras de um conhecimento incorporado \u00fanico de luta e resist\u00eancia. As suas hist\u00f3rias de vida oferecem uma lente de an\u00e1lise preciosa atrav\u00e9s do tempo, desde as pessoas outlaw outrora criminalizadas, at\u00e9 aos cidad\u00e3os \u00edntimos de hoje, estas pessoas suportaram uma variedade de adversidades, incluindo a pandemia da SIDA e o estigma que lhe est\u00e1 associado, a ideologia anti-g\u00e9nero e os retrocessos populistas.<\/p>\n<p>Tomando a cidadania queer como um conjunto de crit\u00e9rios atrav\u00e9s dos quais as democracias podem ser avaliadas, o TRACE explora tamb\u00e9m at\u00e9 que ponto a UE influenciou os avan\u00e7os pol\u00edticos e socio-legais locais nos direitos, narrativas e experi\u00eancias LGBTI+ ao longo do tempo. Para responder a este objetivo, o TRACE desenvolve uma lente anal\u00edtica inovadora, sens\u00edvel \u00e0 idade, centrada no envelhecimento, no idadismo e nas pol\u00edticas LGBTI+ relacionadas com a idade, atrav\u00e9s da qual ser\u00e3o investigados os progressos e os retrocessos em pa\u00edses que sofreram altera\u00e7\u00f5es substanciais nos seus regimes de cidadania \u00edntima.<\/p>\n\t\t\t\t\t\t\t\t<\/div>\n\t\t\t\t<\/div>\n\t\t\t\t<\/div>\n\t\t<div class=\"elementor-element elementor-element-1b028b8 e-con-full e-flex e-con e-child\" data-id=\"1b028b8\" data-element_type=\"container\">\n\t\t\t\t<\/div>\n\t\t\t\t<\/div>\n\t\t\t\t\t<\/div>\n\t\t\t\t<\/div>\n\t\t\t\t<\/div>\n\t\t","protected":false},"excerpt":{"rendered":"<p>Sobre \/ Enquadramento te\u00f3rico Nos \u00faltimos anos, o envelhecimento tem sido considerado uma \u00e1rea priorit\u00e1ria tanto ao n\u00edvel das pol\u00edticas governamentais como nas agendas de investiga\u00e7\u00e3o. Situando-se na intersec\u00e7\u00e3o entre os Estudos de G\u00e9nero e LGBTQI+ e os Estudos sobre a Idade, Envelhecimento e o Curso de Vida, e reunindo mem\u00f3rias distantes e a atual [&hellip;]<\/p>\n","protected":false},"author":3,"featured_media":0,"parent":1389,"menu_order":0,"comment_status":"closed","ping_status":"closed","template":"","meta":{"_acf_changed":false,"_eb_attr":"","pgc_sgb_lightbox_settings":"","footnotes":""},"class_list":["post-1416","page","type-page","status-publish","hentry"],"acf":[],"_links":{"self":[{"href":"https:\/\/trace.ces.uc.pt\/pt-pt\/wp-json\/wp\/v2\/pages\/1416","targetHints":{"allow":["GET"]}}],"collection":[{"href":"https:\/\/trace.ces.uc.pt\/pt-pt\/wp-json\/wp\/v2\/pages"}],"about":[{"href":"https:\/\/trace.ces.uc.pt\/pt-pt\/wp-json\/wp\/v2\/types\/page"}],"author":[{"embeddable":true,"href":"https:\/\/trace.ces.uc.pt\/pt-pt\/wp-json\/wp\/v2\/users\/3"}],"replies":[{"embeddable":true,"href":"https:\/\/trace.ces.uc.pt\/pt-pt\/wp-json\/wp\/v2\/comments?post=1416"}],"version-history":[{"count":1,"href":"https:\/\/trace.ces.uc.pt\/pt-pt\/wp-json\/wp\/v2\/pages\/1416\/revisions"}],"predecessor-version":[{"id":1417,"href":"https:\/\/trace.ces.uc.pt\/pt-pt\/wp-json\/wp\/v2\/pages\/1416\/revisions\/1417"}],"up":[{"embeddable":true,"href":"https:\/\/trace.ces.uc.pt\/pt-pt\/wp-json\/wp\/v2\/pages\/1389"}],"wp:attachment":[{"href":"https:\/\/trace.ces.uc.pt\/pt-pt\/wp-json\/wp\/v2\/media?parent=1416"}],"curies":[{"name":"wp","href":"https:\/\/api.w.org\/{rel}","templated":true}]}}

Enquadramento teórico

<div data-elementor-type="wp-page" data-elementor-id="1416" class="elementor elementor-1416 elementor-78" data-elementor-post-type="page">
				<div class="elementor-element elementor-element-788bdab e-flex e-con-boxed e-con e-parent" data-id="788bdab" data-element_type="container" data-settings="{&quot;background_background&quot;:&quot;classic&quot;}">
					<div class="e-con-inner">
		<div class="elementor-element elementor-element-70d645c e-con-full e-flex e-con e-child" data-id="70d645c" data-element_type="container">
				<div class="elementor-element elementor-element-f41e59f elementor-widget elementor-widget-heading" data-id="f41e59f" data-element_type="widget" data-widget_type="heading.default">
				<div class="elementor-widget-container">
					<h2 class="elementor-heading-title elementor-size-default">Sobre / </h2>				</div>
				</div>
				<div class="elementor-element elementor-element-2c41995 elementor-widget elementor-widget-heading" data-id="2c41995" data-element_type="widget" data-widget_type="heading.default">
				<div class="elementor-widget-container">
					<h1 class="elementor-heading-title elementor-size-default">Enquadramento teórico </h1>				</div>
				</div>
				</div>
		<div class="elementor-element elementor-element-67caf97 e-con-full e-flex e-con e-child" data-id="67caf97" data-element_type="container">
		<div class="elementor-element elementor-element-0c67348 e-con-full e-flex e-con e-child" data-id="0c67348" data-element_type="container">
				<div class="elementor-element elementor-element-d4cdf37 elementor-widget elementor-widget-text-editor" data-id="d4cdf37" data-element_type="widget" data-widget_type="text-editor.default">
				<div class="elementor-widget-container">
									<p><strong>Nos últimos anos, o envelhecimento tem sido considerado uma área prioritária tanto ao nível das políticas governamentais como nas agendas de investigação.</strong> Situando-se na intersecção entre os Estudos de Género e LGBTQI+ e os Estudos sobre a Idade, Envelhecimento e o Curso de Vida, e reunindo memórias distantes e a atual gestão quotidiana da vida íntima, o TRACE explora sociologicamente os impactos na vida adulta de crescer numa época em que o reconhecimento legal não estava disponível para as pessoas LGBTI+.</p>
<p>As pessoas adultas LGBTQI+ mais velhas são portadoras de um conhecimento incorporado único de luta e resistência. As suas histórias de vida oferecem uma lente de análise preciosa através do tempo, desde as pessoas outlaw outrora criminalizadas, até aos cidadãos íntimos de hoje, estas pessoas suportaram uma variedade de adversidades, incluindo a pandemia da SIDA e o estigma que lhe está associado, a ideologia anti-género e os retrocessos populistas.</p>
<p>Tomando a cidadania queer como um conjunto de critérios através dos quais as democracias podem ser avaliadas, o TRACE explora também até que ponto a UE influenciou os avanços políticos e socio-legais locais nos direitos, narrativas e experiências LGBTI+ ao longo do tempo. Para responder a este objetivo, o TRACE desenvolve uma lente analítica inovadora, sensível à idade, centrada no envelhecimento, no idadismo e nas políticas LGBTI+ relacionadas com a idade, através da qual serão investigados os progressos e os retrocessos em países que sofreram alterações substanciais nos seus regimes de cidadania íntima.</p>
								</div>
				</div>
				</div>
		<div class="elementor-element elementor-element-1b028b8 e-con-full e-flex e-con e-child" data-id="1b028b8" data-element_type="container">
				</div>
				</div>
					</div>
				</div>
				</div>

<p>Sobre / Enquadramento teórico Nos últimos anos, o envelhecimento tem sido considerado uma área prioritária tanto ao nível das políticas governamentais como nas agendas de investigação. Situando-se na intersecção entre os Estudos de Género e LGBTQI+ e os Estudos sobre a Idade, Envelhecimento e o Curso de Vida, e reunindo memórias distantes e a atual [&hellip;]</p>
