{"id":1412,"date":"2023-11-09T19:43:01","date_gmt":"2023-11-09T19:43:01","guid":{"rendered":"https:\/\/trace.ces.uc.pt\/sobre\/paises\/"},"modified":"2024-01-02T23:16:55","modified_gmt":"2024-01-02T23:16:55","slug":"paises","status":"publish","type":"page","link":"https:\/\/trace.ces.uc.pt\/pt-pt\/sobre\/paises\/","title":{"rendered":"Paises"},"content":{"rendered":"\t\t<div data-elementor-type=\"wp-page\" data-elementor-id=\"1412\" class=\"elementor elementor-1412 elementor-76\" data-elementor-post-type=\"page\">\n\t\t\t\t<div class=\"elementor-element elementor-element-e3ca16a e-flex e-con-boxed e-con e-parent\" data-id=\"e3ca16a\" data-element_type=\"container\" data-settings=\"{&quot;background_background&quot;:&quot;classic&quot;}\">\n\t\t\t\t\t<div class=\"e-con-inner\">\n\t\t<div class=\"elementor-element elementor-element-16f4354 e-con-full e-flex e-con e-child\" data-id=\"16f4354\" data-element_type=\"container\">\n\t\t\t\t<div class=\"elementor-element elementor-element-134fd5c elementor-widget elementor-widget-heading\" data-id=\"134fd5c\" data-element_type=\"widget\" data-widget_type=\"heading.default\">\n\t\t\t\t<div class=\"elementor-widget-container\">\n\t\t\t\t\t<h2 class=\"elementor-heading-title elementor-size-default\">Sobre \/ <\/h2>\t\t\t\t<\/div>\n\t\t\t\t<\/div>\n\t\t\t\t<div class=\"elementor-element elementor-element-a25f014 elementor-widget elementor-widget-heading\" data-id=\"a25f014\" data-element_type=\"widget\" data-widget_type=\"heading.default\">\n\t\t\t\t<div class=\"elementor-widget-container\">\n\t\t\t\t\t<h1 class=\"elementor-heading-title elementor-size-default\">Paises<\/h1>\t\t\t\t<\/div>\n\t\t\t\t<\/div>\n\t\t\t\t<\/div>\n\t\t<div class=\"elementor-element elementor-element-1abdcb5 e-con-full e-flex e-con e-child\" data-id=\"1abdcb5\" data-element_type=\"container\">\n\t\t<div class=\"elementor-element elementor-element-e37c90b e-con-full e-flex e-con e-child\" data-id=\"e37c90b\" data-element_type=\"container\">\n\t\t\t\t<div class=\"elementor-element elementor-element-bd95fa8 elementor-widget elementor-widget-text-editor\" data-id=\"bd95fa8\" data-element_type=\"widget\" data-widget_type=\"text-editor.default\">\n\t\t\t\t<div class=\"elementor-widget-container\">\n\t\t\t\t\t\t\t\t\t<p><strong>Os pa\u00edses inclu\u00eddos nesta investiga\u00e7\u00e3o s\u00e3o Portugal, It\u00e1lia, Gr\u00e9cia, Malta e Eslov\u00e9nia.<\/strong><br \/>A escolha dos pa\u00edses foi informada pelos tra\u00e7os comuns nas suas hist\u00f3rias enquanto pa\u00edses europeus. Tratando-se de pa\u00edses historicamente marcados por quadros culturais tradicionalistas; que passaram por regimes pol\u00edticos ou socioculturais repressivos da diversidade para regimes que, a partir da d\u00e9cada de 2000, oferecem formas de reconhecimento da popula\u00e7\u00e3o LGBTI+; e onde nos \u00faltimos anos \u00e9 observ\u00e1vel um crescimento significativo do populismo de extrema-direita e de movimentos \u201canti-g\u00e9nero\u201d.<\/p>\n<p>Em conjunto, estes pa\u00edses oferecem uma imagem abrangente das experi\u00eancias vividas pelas pessoas LGBTI+ no centro-sul (IT e MT), sudeste (GR e SLO) e sudoeste (PT) da Europa ao longo do tempo, ilustrando o amplo espetro do reconhecimento dos direitos humanos de pessoas LGBTI na Europa.<\/p>\n<p>Os pa\u00edses escolhidos permitem uma vis\u00e3o abrangente das mudan\u00e7as que afectaram os diferentes pa\u00edses, ao longo do tempo e em diferentes espa\u00e7os, incluindo os impactos da religi\u00e3o e do secularismo, dos regimes pol\u00edticos conservadores e liberais e da rela\u00e7\u00e3o com o quadro LGBTI+ da UE em evolu\u00e7\u00e3o.<\/p>\n\t\t\t\t\t\t\t\t<\/div>\n\t\t\t\t<\/div>\n\t\t\t\t<\/div>\n\t\t<div class=\"elementor-element elementor-element-7a61f84 e-con-full e-flex e-con e-child\" data-id=\"7a61f84\" data-element_type=\"container\">\n\t\t\t\t<div class=\"elementor-element elementor-element-3d08b7f elementor-hidden-desktop elementor-hidden-tablet elementor-widget elementor-widget-image\" data-id=\"3d08b7f\" data-element_type=\"widget\" data-widget_type=\"image.default\">\n\t\t\t\t<div class=\"elementor-widget-container\">\n\t\t\t\t\t\t\t\t\t\t\t\t\t\t\t<img fetchpriority=\"high\" decoding=\"async\" width=\"1491\" height=\"1385\" src=\"https:\/\/trace.ces.uc.pt\/wp-content\/uploads\/2023\/11\/bg_mapa_02.webp\" class=\"attachment-full size-full wp-image-1217\" alt=\"\" srcset=\"https:\/\/trace.ces.uc.pt\/wp-content\/uploads\/2023\/11\/bg_mapa_02.webp 1491w, https:\/\/trace.ces.uc.pt\/wp-content\/uploads\/2023\/11\/bg_mapa_02-300x279.webp 300w, https:\/\/trace.ces.uc.pt\/wp-content\/uploads\/2023\/11\/bg_mapa_02-1024x951.webp 1024w, https:\/\/trace.ces.uc.pt\/wp-content\/uploads\/2023\/11\/bg_mapa_02-768x713.webp 768w\" sizes=\"(max-width: 1491px) 100vw, 1491px\" \/>\t\t\t\t\t\t\t\t\t\t\t\t\t\t\t<\/div>\n\t\t\t\t<\/div>\n\t\t\t\t<\/div>\n\t\t\t\t<\/div>\n\t\t\t\t\t<\/div>\n\t\t\t\t<\/div>\n\t\t\t\t<\/div>\n\t\t","protected":false},"excerpt":{"rendered":"<p>Sobre \/ Paises Os pa\u00edses inclu\u00eddos nesta investiga\u00e7\u00e3o s\u00e3o Portugal, It\u00e1lia, Gr\u00e9cia, Malta e Eslov\u00e9nia.A escolha dos pa\u00edses foi informada pelos tra\u00e7os comuns nas suas hist\u00f3rias enquanto pa\u00edses europeus. Tratando-se de pa\u00edses historicamente marcados por quadros culturais tradicionalistas; que passaram por regimes pol\u00edticos ou socioculturais repressivos da diversidade para regimes que, a partir da d\u00e9cada [&hellip;]<\/p>\n","protected":false},"author":3,"featured_media":0,"parent":1389,"menu_order":0,"comment_status":"closed","ping_status":"closed","template":"","meta":{"_acf_changed":false,"_eb_attr":"","pgc_sgb_lightbox_settings":"","footnotes":""},"class_list":["post-1412","page","type-page","status-publish","hentry"],"acf":[],"_links":{"self":[{"href":"https:\/\/trace.ces.uc.pt\/pt-pt\/wp-json\/wp\/v2\/pages\/1412","targetHints":{"allow":["GET"]}}],"collection":[{"href":"https:\/\/trace.ces.uc.pt\/pt-pt\/wp-json\/wp\/v2\/pages"}],"about":[{"href":"https:\/\/trace.ces.uc.pt\/pt-pt\/wp-json\/wp\/v2\/types\/page"}],"author":[{"embeddable":true,"href":"https:\/\/trace.ces.uc.pt\/pt-pt\/wp-json\/wp\/v2\/users\/3"}],"replies":[{"embeddable":true,"href":"https:\/\/trace.ces.uc.pt\/pt-pt\/wp-json\/wp\/v2\/comments?post=1412"}],"version-history":[{"count":1,"href":"https:\/\/trace.ces.uc.pt\/pt-pt\/wp-json\/wp\/v2\/pages\/1412\/revisions"}],"predecessor-version":[{"id":1413,"href":"https:\/\/trace.ces.uc.pt\/pt-pt\/wp-json\/wp\/v2\/pages\/1412\/revisions\/1413"}],"up":[{"embeddable":true,"href":"https:\/\/trace.ces.uc.pt\/pt-pt\/wp-json\/wp\/v2\/pages\/1389"}],"wp:attachment":[{"href":"https:\/\/trace.ces.uc.pt\/pt-pt\/wp-json\/wp\/v2\/media?parent=1412"}],"curies":[{"name":"wp","href":"https:\/\/api.w.org\/{rel}","templated":true}]}}

<div data-elementor-type="wp-page" data-elementor-id="1412" class="elementor elementor-1412 elementor-76" data-elementor-post-type="page">
				<div class="elementor-element elementor-element-e3ca16a e-flex e-con-boxed e-con e-parent" data-id="e3ca16a" data-element_type="container" data-settings="{&quot;background_background&quot;:&quot;classic&quot;}">
					<div class="e-con-inner">
		<div class="elementor-element elementor-element-16f4354 e-con-full e-flex e-con e-child" data-id="16f4354" data-element_type="container">
				<div class="elementor-element elementor-element-134fd5c elementor-widget elementor-widget-heading" data-id="134fd5c" data-element_type="widget" data-widget_type="heading.default">
				<div class="elementor-widget-container">
					<h2 class="elementor-heading-title elementor-size-default">Sobre / </h2>				</div>
				</div>
				<div class="elementor-element elementor-element-a25f014 elementor-widget elementor-widget-heading" data-id="a25f014" data-element_type="widget" data-widget_type="heading.default">
				<div class="elementor-widget-container">
					<h1 class="elementor-heading-title elementor-size-default">Paises</h1>				</div>
				</div>
				</div>
		<div class="elementor-element elementor-element-1abdcb5 e-con-full e-flex e-con e-child" data-id="1abdcb5" data-element_type="container">
		<div class="elementor-element elementor-element-e37c90b e-con-full e-flex e-con e-child" data-id="e37c90b" data-element_type="container">
				<div class="elementor-element elementor-element-bd95fa8 elementor-widget elementor-widget-text-editor" data-id="bd95fa8" data-element_type="widget" data-widget_type="text-editor.default">
				<div class="elementor-widget-container">
									<p><strong>Os países incluídos nesta investigação são Portugal, Itália, Grécia, Malta e Eslovénia.</strong><br />A escolha dos países foi informada pelos traços comuns nas suas histórias enquanto países europeus. Tratando-se de países historicamente marcados por quadros culturais tradicionalistas; que passaram por regimes políticos ou socioculturais repressivos da diversidade para regimes que, a partir da década de 2000, oferecem formas de reconhecimento da população LGBTI+; e onde nos últimos anos é observável um crescimento significativo do populismo de extrema-direita e de movimentos “anti-género”.</p>
<p>Em conjunto, estes países oferecem uma imagem abrangente das experiências vividas pelas pessoas LGBTI+ no centro-sul (IT e MT), sudeste (GR e SLO) e sudoeste (PT) da Europa ao longo do tempo, ilustrando o amplo espetro do reconhecimento dos direitos humanos de pessoas LGBTI na Europa.</p>
<p>Os países escolhidos permitem uma visão abrangente das mudanças que afectaram os diferentes países, ao longo do tempo e em diferentes espaços, incluindo os impactos da religião e do secularismo, dos regimes políticos conservadores e liberais e da relação com o quadro LGBTI+ da UE em evolução.</p>
								</div>
				</div>
				</div>
		<div class="elementor-element elementor-element-7a61f84 e-con-full e-flex e-con e-child" data-id="7a61f84" data-element_type="container">
				<div class="elementor-element elementor-element-3d08b7f elementor-hidden-desktop elementor-hidden-tablet elementor-widget elementor-widget-image" data-id="3d08b7f" data-element_type="widget" data-widget_type="image.default">
				<div class="elementor-widget-container">
															<img fetchpriority="high" decoding="async" width="1491" height="1385" src="https://trace.ces.uc.pt/wp-content/uploads/2023/11/bg_mapa_02.webp" class="attachment-full size-full wp-image-1217" alt="" srcset="https://trace.ces.uc.pt/wp-content/uploads/2023/11/bg_mapa_02.webp 1491w, https://trace.ces.uc.pt/wp-content/uploads/2023/11/bg_mapa_02-300x279.webp 300w, https://trace.ces.uc.pt/wp-content/uploads/2023/11/bg_mapa_02-1024x951.webp 1024w, https://trace.ces.uc.pt/wp-content/uploads/2023/11/bg_mapa_02-768x713.webp 768w" sizes="(max-width: 1491px) 100vw, 1491px" />															</div>
				</div>
				</div>
				</div>
					</div>
				</div>
				</div>

<p>Sobre / Paises Os países incluídos nesta investigação são Portugal, Itália, Grécia, Malta e Eslovénia.A escolha dos países foi informada pelos traços comuns nas suas histórias enquanto países europeus. Tratando-se de países historicamente marcados por quadros culturais tradicionalistas; que passaram por regimes políticos ou socioculturais repressivos da diversidade para regimes que, a partir da década [&hellip;]</p>
