{"id":2039,"date":"2024-02-21T15:17:27","date_gmt":"2024-02-21T15:17:27","guid":{"rendered":"https:\/\/trace.ces.uc.pt\/output\/pedro-fidalgo-no-evento-bem-me-queer-do-nerife\/"},"modified":"2024-10-16T09:27:17","modified_gmt":"2024-10-16T09:27:17","slug":"pedro-fidalgo-no-evento-bem-me-queer-do-nerife","status":"publish","type":"output","link":"https:\/\/trace.ces.uc.pt\/pt-pt\/output\/pedro-fidalgo-no-evento-bem-me-queer-do-nerife\/","title":{"rendered":"Pedro Fidalgo no evento &#8220;Bem-Me-Queer&#8221; do NERIFE"},"content":{"rendered":"\n<p>Pedro Fidalgo, Research Manager do TRACE, Frederica Carvalho e Daniel Santos debateram a constru\u00e7\u00e3o social do g\u00e9nero e da sexualidade na mesa redonda &#8220;Bem-me-Queer&#8221; organizada pelo NERIFE &#8211; N\u00facleo de Estudantes de Rela\u00e7\u00f5es Internacionais da Faculdade de Economia da Universidade de Coimbra.<\/p>\n\n<figure class=\"wp-block-gallery has-nested-images columns-default is-cropped wp-block-gallery-1 is-layout-flex wp-block-gallery-is-layout-flex\">\n<figure class=\"wp-block-image size-large\"><img fetchpriority=\"high\" decoding=\"async\" width=\"1024\" height=\"1010\" data-id=\"1949\" src=\"https:\/\/trace.ces.uc.pt\/wp-content\/uploads\/2024\/07\/NERIF_1-1024x1010.jpg\" alt=\"\" class=\"wp-image-1949\" srcset=\"https:\/\/trace.ces.uc.pt\/wp-content\/uploads\/2024\/07\/NERIF_1-1024x1010.jpg 1024w, https:\/\/trace.ces.uc.pt\/wp-content\/uploads\/2024\/07\/NERIF_1-300x296.jpg 300w, https:\/\/trace.ces.uc.pt\/wp-content\/uploads\/2024\/07\/NERIF_1-768x758.jpg 768w, https:\/\/trace.ces.uc.pt\/wp-content\/uploads\/2024\/07\/NERIF_1.jpg 1125w\" sizes=\"(max-width: 1024px) 100vw, 1024px\" \/><\/figure>\n\n\n\n<figure class=\"wp-block-image size-large\"><img decoding=\"async\" width=\"1024\" height=\"1024\" data-id=\"1951\" src=\"https:\/\/trace.ces.uc.pt\/wp-content\/uploads\/2024\/07\/nerif-2-1024x1024.jpg\" alt=\"\" class=\"wp-image-1951\" srcset=\"https:\/\/trace.ces.uc.pt\/wp-content\/uploads\/2024\/07\/nerif-2-1024x1024.jpg 1024w, https:\/\/trace.ces.uc.pt\/wp-content\/uploads\/2024\/07\/nerif-2-300x300.jpg 300w, https:\/\/trace.ces.uc.pt\/wp-content\/uploads\/2024\/07\/nerif-2-150x150.jpg 150w, https:\/\/trace.ces.uc.pt\/wp-content\/uploads\/2024\/07\/nerif-2-768x768.jpg 768w, https:\/\/trace.ces.uc.pt\/wp-content\/uploads\/2024\/07\/nerif-2.jpg 1080w\" sizes=\"(max-width: 1024px) 100vw, 1024px\" \/><\/figure>\n<\/figure>\n","protected":false},"excerpt":{"rendered":"<p>Pedro Fidalgo, Research Manager do TRACE, Frederica Carvalho e Daniel Santos debateram a constru\u00e7\u00e3o social do g\u00e9nero e da sexualidade na mesa redonda &#8220;Bem-me-Queer&#8221; organizada pelo NERIFE &#8211; N\u00facleo de Estudantes de Rela\u00e7\u00f5es Internacionais da Faculdade de Economia da Universidade de Coimbra.<\/p>\n","protected":false},"featured_media":1950,"template":"","output-type":[54],"class_list":["post-2039","output","type-output","status-publish","has-post-thumbnail","hentry","output-type-divulgacao"],"acf":[],"_links":{"self":[{"href":"https:\/\/trace.ces.uc.pt\/pt-pt\/wp-json\/wp\/v2\/output\/2039","targetHints":{"allow":["GET"]}}],"collection":[{"href":"https:\/\/trace.ces.uc.pt\/pt-pt\/wp-json\/wp\/v2\/output"}],"about":[{"href":"https:\/\/trace.ces.uc.pt\/pt-pt\/wp-json\/wp\/v2\/types\/output"}],"wp:featuredmedia":[{"embeddable":true,"href":"https:\/\/trace.ces.uc.pt\/pt-pt\/wp-json\/wp\/v2\/media\/1950"}],"wp:attachment":[{"href":"https:\/\/trace.ces.uc.pt\/pt-pt\/wp-json\/wp\/v2\/media?parent=2039"}],"wp:term":[{"taxonomy":"output-type","embeddable":true,"href":"https:\/\/trace.ces.uc.pt\/pt-pt\/wp-json\/wp\/v2\/output-type?post=2039"}],"curies":[{"name":"wp","href":"https:\/\/api.w.org\/{rel}","templated":true}]}}

<p>Pedro Fidalgo, Research Manager do TRACE, Frederica Carvalho e Daniel Santos debateram a construção social do género e da sexualidade na mesa redonda &#8220;Bem-me-Queer&#8221; organizada pelo NERIFE &#8211; Núcleo de Estudantes de Relações Internacionais da Faculdade de Economia da Universidade de Coimbra.</p>

<figure class="wp-block-gallery has-nested-images columns-default is-cropped wp-block-gallery-1 is-layout-flex wp-block-gallery-is-layout-flex">
<figure class="wp-block-image size-large"><img fetchpriority="high" decoding="async" width="1024" height="1010" data-id="1949" src="https://trace.ces.uc.pt/wp-content/uploads/2024/07/NERIF_1-1024x1010.jpg" alt="" class="wp-image-1949" srcset="https://trace.ces.uc.pt/wp-content/uploads/2024/07/NERIF_1-1024x1010.jpg 1024w, https://trace.ces.uc.pt/wp-content/uploads/2024/07/NERIF_1-300x296.jpg 300w, https://trace.ces.uc.pt/wp-content/uploads/2024/07/NERIF_1-768x758.jpg 768w, https://trace.ces.uc.pt/wp-content/uploads/2024/07/NERIF_1.jpg 1125w" sizes="(max-width: 1024px) 100vw, 1024px" /></figure>



<figure class="wp-block-image size-large"><img decoding="async" width="1024" height="1024" data-id="1951" src="https://trace.ces.uc.pt/wp-content/uploads/2024/07/nerif-2-1024x1024.jpg" alt="" class="wp-image-1951" srcset="https://trace.ces.uc.pt/wp-content/uploads/2024/07/nerif-2-1024x1024.jpg 1024w, https://trace.ces.uc.pt/wp-content/uploads/2024/07/nerif-2-300x300.jpg 300w, https://trace.ces.uc.pt/wp-content/uploads/2024/07/nerif-2-150x150.jpg 150w, https://trace.ces.uc.pt/wp-content/uploads/2024/07/nerif-2-768x768.jpg 768w, https://trace.ces.uc.pt/wp-content/uploads/2024/07/nerif-2.jpg 1080w" sizes="(max-width: 1024px) 100vw, 1024px" /></figure>
</figure>

<p>Pedro Fidalgo, Research Manager do TRACE, Frederica Carvalho e Daniel Santos debateram a construção social do género e da sexualidade na mesa redonda &#8220;Bem-me-Queer&#8221; organizada pelo NERIFE &#8211; Núcleo de Estudantes de Relações Internacionais da Faculdade de Economia da Universidade de Coimbra.</p>
