{"id":1736,"date":"2024-01-11T00:48:10","date_gmt":"2024-01-11T00:48:10","guid":{"rendered":"https:\/\/trace.ces.uc.pt\/output\/menopause-on-the-tip-of-the-tongue-demedicalizing-to-succeed\/"},"modified":"2024-02-21T00:54:02","modified_gmt":"2024-02-21T00:54:02","slug":"menopause-on-the-tip-of-the-tongue-demedicalizing-to-succeed","status":"publish","type":"output","link":"https:\/\/trace.ces.uc.pt\/pt-pt\/output\/menopause-on-the-tip-of-the-tongue-demedicalizing-to-succeed\/","title":{"rendered":"Menopause on the Tip of the Tongue: Demedicalizing to succeed"},"content":{"rendered":"\n<figure class=\"wp-block-image alignright size-large is-resized\"><img fetchpriority=\"high\" decoding=\"async\" width=\"724\" height=\"1024\" src=\"https:\/\/trace.ces.uc.pt\/wp-content\/uploads\/2024\/02\/11_Menopause_1-724x1024.webp\" alt=\"\" class=\"wp-image-1725\" style=\"width:336px;height:auto\" srcset=\"https:\/\/trace.ces.uc.pt\/wp-content\/uploads\/2024\/02\/11_Menopause_1-724x1024.webp 724w, https:\/\/trace.ces.uc.pt\/wp-content\/uploads\/2024\/02\/11_Menopause_1-212x300.webp 212w, https:\/\/trace.ces.uc.pt\/wp-content\/uploads\/2024\/02\/11_Menopause_1-768x1086.webp 768w, https:\/\/trace.ces.uc.pt\/wp-content\/uploads\/2024\/02\/11_Menopause_1-1086x1536.webp 1086w, https:\/\/trace.ces.uc.pt\/wp-content\/uploads\/2024\/02\/11_Menopause_1.webp 1200w\" sizes=\"(max-width: 724px) 100vw, 724px\" \/><\/figure>\n\n<p><strong>Seminar Explores Menopause and Community Support in Portugal<\/strong><\/p>\n\n<p>O Semin\u00e1rio de Cristina Mesquita de Oliveira provocou discuss\u00f5es enriquecedoras e permitiu a partilha de conhecimentos entre as pessoas participantes. O Semin\u00e1rio foi enriquecido pelo coment\u00e1rio da Professora Rosa Monteiro.<\/p>\n\n<p>Cristina Mesquita De Oliveira \u00e9 a autora de Descomplicar a Menopausa (2022) e fundadora da Comunidade de Sa\u00fade em Menopausa Movimento Menopausa Divertida Portugal e VIDAs Associa\u00e7\u00e3o Portuguesa de Menopausa, sendo a principal dinamizadora e respons\u00e1vel reconhecida da mesma.  Da \u00e1rea acad\u00e9mica das Ci\u00eancias Sociais, licenciada em Ci\u00eancias da Comunica\u00e7\u00e3o e gradua\u00e7\u00e3o em Economia da Sa\u00fade pela Escola Nacional de Sa\u00fade Publica da Universidade NOVA, ex-profissional da Ind\u00fastria Farmac\u00eautica por 34 anos com forma\u00e7\u00e3o m\u00e9dica cont\u00ednua em registo de CME-Continuing Medical Education.  Autora de in\u00fameras publica\u00e7\u00f5es sobre empoderamento em Menopausa \u00e9 convidada oradora em congressos, palestras, workshops e debates em variados contextos. Activista de Menopausa, \u00e9 representante de mais de 50.000 pessoas em Menopausa entre associados\/as e seguidores\/as. <\/p>\n\n<p>Rosa Monteiro \u00e9 Professora na Faculdade de Economia da Universidade de Coimbra, Investigadora do CES e membro do Advisory Board do TRACE.<\/p>\n\n<p>O semin\u00e1rio proporcionou uma plataforma para aprofundar o conhecimento cient\u00edfico, dissipar mitos e descobrir a comunidade de apoio em torno do tema da Menopausa em Portugal. \ud83e\udd1d<\/p>\n\n<div class=\"wp-block-image-gallery-block-image-gallery-block\"><div class=\"eb-parent-wrapper eb-parent-eb-image-gallery-omaa3 \"><div class=\"eb-gallery-img-wrapper eb-image-gallery-omaa3 grid overlay-bottom caption-style-0 \" data-id=\"eb-image-gallery-omaa3\"><a href=\"https:\/\/trace.ces.uc.pt\/wp-content\/uploads\/2024\/02\/11_Menopause_2.webp\" id=\"eb-gallery-img-content\" data-fslightbox=\"gallery\" data-type=\"image\" class=\"eb-gallery-img-content eb-filter-img-\" rel=\"noopener\"><span class=\"eb-gallery-link-wrapper\"><img decoding=\"async\" class=\"eb-gallery-img\" src=\"https:\/\/trace.ces.uc.pt\/wp-content\/uploads\/2024\/02\/11_Menopause_2.webp\" image-index=\"0\" alt=\"\"><\/span><\/a><a href=\"https:\/\/trace.ces.uc.pt\/wp-content\/uploads\/2024\/02\/11_Menopause_3.webp\" id=\"eb-gallery-img-content\" data-fslightbox=\"gallery\" data-type=\"image\" class=\"eb-gallery-img-content eb-filter-img-\" rel=\"noopener\"><span class=\"eb-gallery-link-wrapper\"><img decoding=\"async\" class=\"eb-gallery-img\" src=\"https:\/\/trace.ces.uc.pt\/wp-content\/uploads\/2024\/02\/11_Menopause_3.webp\" image-index=\"1\" alt=\"\"><\/span><\/a><\/div><\/div><\/div>\n\n<p>O evento foi organizado no \u00e2mbito de dois projetos de investiga\u00e7\u00e3o: REMEMBER [Financiado pela Funda\u00e7\u00e3o para a Ci\u00eancia e Tecnologia, I.P.\/MCTES, ref.: PTDC\/SOC-ASO\/4911\/2021] e TRACE &#8211; Tracing Queer Citizenship over Time: Ageing, ageism, and age-related LGBTI+ politics in Europe (ERC Consolidator, GA 101044915).<\/p>\n\n<div class=\"wp-block-buttons is-layout-flex wp-block-buttons-is-layout-flex\">\n<div class=\"wp-block-button\"><a class=\"wp-block-button__link wp-element-button\" href=\"https:\/\/ces.uc.pt\/en\/agenda-noticias\/agenda-de-eventos\/2024\/menopausa-na-ponta-da-lingua\">leia mais<\/a><\/div>\n<\/div>\n","protected":false},"excerpt":{"rendered":"<p>Seminar Explores Menopause and Community Support in Portugal<\/p>\n","protected":false},"featured_media":1724,"template":"","output-type":[49],"class_list":["post-1736","output","type-output","status-publish","has-post-thumbnail","hentry","output-type-eventos"],"acf":[],"_links":{"self":[{"href":"https:\/\/trace.ces.uc.pt\/pt-pt\/wp-json\/wp\/v2\/output\/1736","targetHints":{"allow":["GET"]}}],"collection":[{"href":"https:\/\/trace.ces.uc.pt\/pt-pt\/wp-json\/wp\/v2\/output"}],"about":[{"href":"https:\/\/trace.ces.uc.pt\/pt-pt\/wp-json\/wp\/v2\/types\/output"}],"wp:featuredmedia":[{"embeddable":true,"href":"https:\/\/trace.ces.uc.pt\/pt-pt\/wp-json\/wp\/v2\/media\/1724"}],"wp:attachment":[{"href":"https:\/\/trace.ces.uc.pt\/pt-pt\/wp-json\/wp\/v2\/media?parent=1736"}],"wp:term":[{"taxonomy":"output-type","embeddable":true,"href":"https:\/\/trace.ces.uc.pt\/pt-pt\/wp-json\/wp\/v2\/output-type?post=1736"}],"curies":[{"name":"wp","href":"https:\/\/api.w.org\/{rel}","templated":true}]}}

<figure class="wp-block-image alignright size-large is-resized"><img fetchpriority="high" decoding="async" width="724" height="1024" src="https://trace.ces.uc.pt/wp-content/uploads/2024/02/11_Menopause_1-724x1024.webp" alt="" class="wp-image-1725" style="width:336px;height:auto" srcset="https://trace.ces.uc.pt/wp-content/uploads/2024/02/11_Menopause_1-724x1024.webp 724w, https://trace.ces.uc.pt/wp-content/uploads/2024/02/11_Menopause_1-212x300.webp 212w, https://trace.ces.uc.pt/wp-content/uploads/2024/02/11_Menopause_1-768x1086.webp 768w, https://trace.ces.uc.pt/wp-content/uploads/2024/02/11_Menopause_1-1086x1536.webp 1086w, https://trace.ces.uc.pt/wp-content/uploads/2024/02/11_Menopause_1.webp 1200w" sizes="(max-width: 724px) 100vw, 724px" /></figure>

<p><strong>Seminar Explores Menopause and Community Support in Portugal</strong></p>

<p>O Seminário de Cristina Mesquita de Oliveira provocou discussões enriquecedoras e permitiu a partilha de conhecimentos entre as pessoas participantes. O Seminário foi enriquecido pelo comentário da Professora Rosa Monteiro.</p>

<p>Cristina Mesquita De Oliveira é a autora de Descomplicar a Menopausa (2022) e fundadora da Comunidade de Saúde em Menopausa Movimento Menopausa Divertida Portugal e VIDAs Associação Portuguesa de Menopausa, sendo a principal dinamizadora e responsável reconhecida da mesma.  Da área académica das Ciências Sociais, licenciada em Ciências da Comunicação e graduação em Economia da Saúde pela Escola Nacional de Saúde Publica da Universidade NOVA, ex-profissional da Indústria Farmacêutica por 34 anos com formação médica contínua em registo de CME-Continuing Medical Education.  Autora de inúmeras publicações sobre empoderamento em Menopausa é convidada oradora em congressos, palestras, workshops e debates em variados contextos. Activista de Menopausa, é representante de mais de 50.000 pessoas em Menopausa entre associados/as e seguidores/as. </p>

<p>Rosa Monteiro é Professora na Faculdade de Economia da Universidade de Coimbra, Investigadora do CES e membro do Advisory Board do TRACE.</p>

<p>O seminário proporcionou uma plataforma para aprofundar o conhecimento científico, dissipar mitos e descobrir a comunidade de apoio em torno do tema da Menopausa em Portugal. 🤝</p>

<div class="wp-block-image-gallery-block-image-gallery-block"><div class="eb-parent-wrapper eb-parent-eb-image-gallery-omaa3 "><div class="eb-gallery-img-wrapper eb-image-gallery-omaa3 grid overlay-bottom caption-style-0 " data-id="eb-image-gallery-omaa3"><a href="https://trace.ces.uc.pt/wp-content/uploads/2024/02/11_Menopause_2.webp" id="eb-gallery-img-content" data-fslightbox="gallery" data-type="image" class="eb-gallery-img-content eb-filter-img-" rel="noopener"><span class="eb-gallery-link-wrapper"><img decoding="async" class="eb-gallery-img" src="https://trace.ces.uc.pt/wp-content/uploads/2024/02/11_Menopause_2.webp" image-index="0" alt=""></span></a><a href="https://trace.ces.uc.pt/wp-content/uploads/2024/02/11_Menopause_3.webp" id="eb-gallery-img-content" data-fslightbox="gallery" data-type="image" class="eb-gallery-img-content eb-filter-img-" rel="noopener"><span class="eb-gallery-link-wrapper"><img decoding="async" class="eb-gallery-img" src="https://trace.ces.uc.pt/wp-content/uploads/2024/02/11_Menopause_3.webp" image-index="1" alt=""></span></a></div></div></div>

<p>O evento foi organizado no âmbito de dois projetos de investigação: REMEMBER [Financiado pela Fundação para a Ciência e Tecnologia, I.P./MCTES, ref.: PTDC/SOC-ASO/4911/2021] e TRACE &#8211; Tracing Queer Citizenship over Time: Ageing, ageism, and age-related LGBTI+ politics in Europe (ERC Consolidator, GA 101044915).</p>

<div class="wp-block-buttons is-layout-flex wp-block-buttons-is-layout-flex">
<div class="wp-block-button"><a class="wp-block-button__link wp-element-button" href="https://ces.uc.pt/en/agenda-noticias/agenda-de-eventos/2024/menopausa-na-ponta-da-lingua">leia mais</a></div>
</div>
